its digit of o?
6
Let h(g) = -5*g - 12. Let b be h(-5). Let k = 36 - b. What is the units digit of k?
3
Suppose -166 + 10 = 2*n - 3*x, n + 81 = 3*x. What is the tens digit of (18/(-15))/(6/n)?
1
Let y(v) = v**2 - 9*v + 6. Let l(k) = 2*k**2 - 17*k + 12. Let i(m) = -3*l(m) + 5*y(m). Let p be i(4). Suppose p*o = o + 17. What is the units digit of o?
7
Let q = 736 + -359. What is the hundreds digit of q?
3
What is the tens digit of (-4 - (-5338)/14) + (-4)/14?
7
Let d(s) = -2*s**3 + s**2 + 2. Let p be d(2). Let r be 6/4 - 5/p. What is the units digit of (-4)/((-12)/9) + r?
5
Let z(j) = 2*j**2 + 23*j + 34. What is the units digit of z(-16)?
8
Let n = -1 - -5. Suppose n = -z + 3*i, 5*z - 3*i - 2*i = 0. What is the units digit of (z*-5)/((-4)/2)?
5
Suppose 0 = 3*u + u - 5*m + 18, -2*m + 17 = -3*u. Let z = 6 - u. What is the units digit of z?
3
Suppose 3*y - 22 = 32. What is the units digit of y?
8
Let t(f) = -6*f - 12. Let a = 6 + -12. What is the units digit of t(a)?
4
Let m(r) = r**2 - r - 13. Let k be m(9). Suppose -5*o = -k - 106. Suppose 0 = -3*a + 6 + o. What is the units digit of a?
3
Let s(z) = -z + 2. Let t be s(-8). Let k(j) = -t - 3*j - 2 + 4*j**2 - 5*j - 3*j**2. What is the units digit of k(10)?
8
Let u = 22 - 19. What is the units digit of u?
3
Let c = -23 + 50. Suppose k + 2*k - c = 0. Let t(y) = -y**2 + 9*y + 5. What is the units digit of t(k)?
5
Suppose 6*w = 2*w. Let o(x) = w - 1 + 2*x + 3*x - 3*x. What is the units digit of o(6)?
1
Let g = 79 + -47. What is the units digit of g?
2
Suppose 4 = -2*l - 0. Let s be (16/(-10))/(2/(-5)). What is the units digit of l/s + (-21)/(-2)?
0
Let o = 3 + 32. Let w = 49 - o. What is the units digit of w?
4
Let s(z) = -z. Let y(a) = 4*a + 1. Let q(t) = -6*s(t) - 3*y(t). What is the tens digit of q(-8)?
4
Let b = 21 + -8. Suppose -4*p + 34 = -2*f, -4*p - 4*f + b + 15 = 0. What is the units digit of p?
8
Let v = -30 - -49. Suppose -1 + v = f. What is the units digit of f?
8
Suppose 3*m = -2 + 38. What is the units digit of m?
2
Let l be 6/(2/(2/1)). Let d(u) = -4*u - u**3 + 4 + l*u**2 + 1 - 2. What is the units digit of d(5)?
8
Let s = 428 - 123. What is the hundreds digit of s?
3
What is the tens digit of (870/9)/(1 - (-8)/(-12))?
9
Suppose 0 = -5*o + 3 + 22. Let d(z) = 2*z - 5. Let t be d(o). Suppose 4*g = -t*n + 72, -3*n + 22 = 3*g - 23. What is the units digit of n?
2
Let s = 4 + 36. What is the tens digit of s?
4
Let y(d) = -d**2 - 9*d. Suppose -2*j - 24 = -3*b + 5*b, 5*j = -4*b - 53. What is the tens digit of y(b)?
1
Let s(h) = -5 - 1 - 8 - h. Let o be s(0). Let l = -6 - o. What is the units digit of l?
8
Suppose 0 = -6*j - 2*j + 152. What is the units digit of j?
9
Let c be 116/8*-1*4. What is the tens digit of (-1 - c/2) + 2?
3
Suppose -4*i - 5*c = -5*i + 127, -3*i = 2*c - 466. What is the hundreds digit of i?
1
Suppose -5*d + 923 = -567. What is the tens digit of d?
9
Let w(f) = 49*f**3 + 6 - 5*f**2 + f - 2*f - 50*f**3. What is the tens digit of w(-6)?
4
Suppose 4*u - u = 3. Suppose x = 2*b - u, -x - 5*b = -2*b - 24. What is the units digit of ((-12)/x)/((-4)/6)?
2
Let f = 63 + -35. What is the units digit of f?
8
Let y(x) = x + 7. Let w be y(-5). Let g(h) = -6*h + 2*h**2 + w*h + 1 - h**2 - 7. What is the units digit of g(6)?
6
Suppose -c = -0*c - 8. Suppose -4*a + 0*a = -c. Suppose -a*x + 0 = -8. What is the units digit of x?
4
Suppose 0 = -3*d + 5*v + 18, 2*d - 3 - 9 = -3*v. What is the units digit of d?
6
Let g(v) = -v**3 + 2*v**2 + v + 1. Let m be g(2). Suppose 5*y - 11 = s, m*s - 3*y + 4*y = 31. What is the units digit of s?
9
Suppose 2*o - 39 = 5*o. Let f = o - -31. What is the units digit of f?
8
Let y(s) = s**3 + 5*s**2 - 9*s - 5. Let b = 11 - 17. What is the units digit of y(b)?
3
Let s = 12 - 7. What is the units digit of 3*(60/9)/s?
4
Suppose -4*l = -2*l - 4. Suppose l*r + 50 = -2*m, 5*r = 5*m + 3*r + 125. Let s = -16 - m. What is the units digit of s?
9
What is the units digit of (2 - 12/15)/(18/135)?
9
Let w = -94 - -156. What is the units digit of w?
2
Let i be (-1)/2*2/(-1). What is the units digit of (-1*i)/(4/(-8))?
2
Let z be -1 - 9 - (3 + 0). Let y = z - -17. What is the units digit of y?
4
Let v(u) = 35*u**2 - 8*u + 2. What is the tens digit of v(3)?
9
Suppose -3*n - 21 = -2*b - 416, 4*n + 4*b = 560. What is the units digit of n?
5
Let g(n) = n**3 + 7*n**2 - 9*n - 6. Suppose a = -2*a. Suppose 3*x + 4*h + 36 = a, -h = -x - 2*h - 11. What is the units digit of g(x)?
2
Let f = 17 + 213. What is the tens digit of f?
3
Let q = 6 - 4. Let v = 2 + q. Suppose 0 = -v*r + 18 - 6. What is the units digit of r?
3
Suppose -312 = 4*k - 7*k. What is the tens digit of k?
0
Suppose o + 0*o - 85 = 0. Suppose 0*z + o = 5*z. What is the tens digit of z?
1
Let j = 3 - 17. Let f = -1 - j. What is the tens digit of f?
1
Let p(g) = g**2 + 10*g + 13. Let k be p(-9). Suppose 0 = -5*s - q, -2*q + 7 = -3*s - k*q. What is the units digit of s?
1
Let t be 68/(-7) - (-10)/(-35). Let l = 4 - t. What is the tens digit of l?
1
Suppose -2*q = 3*y - 4, -3*q - q - 4*y + 16 = 0. Suppose -2*x - 2*x = -q. What is the units digit of x?
2
Let l be ((-28)/8)/((-1)/(-2)). Let p = l + 20. What is the tens digit of p?
1
Let a(w) = 5*w**2 + 5*w + 5. What is the units digit of a(5)?
5
Suppose 0*q = 2*q - 12. Let s = 13 - q. What is the units digit of s?
7
Let d = 15 - -25. What is the units digit of d?
0
Let x(d) = 5*d**2 - 8*d + 4. What is the tens digit of x(4)?
5
Let f be (-6)/18 + 8/(-3). Let w = 6 - f. What is the units digit of w?
9
Suppose 3*h - 8 = 7*h. Let n be 20/5 - (h + -1). Suppose 0 = 5*c - n*c + 22. What is the units digit of c?
1
Suppose h - 7 + 1 = x, -3 = 2*h + x. Suppose -4*t + 33 = 5*y, 4*t + y - 22 + 9 = 0. Let p = t + h. What is the units digit of p?
3
Suppose -65 - 185 = -5*q + 5*j, 3*q - 138 = -3*j. Suppose -c + q = c. What is the units digit of c?
4
Let x(o) = -18*o**3 + 5*o**2 + 3*o + 2. What is the tens digit of x(-2)?
6
Let u(r) = -3*r + 4. Let k be u(3). Let i = -7 - k. Let y = 2 - i. What is the units digit of y?
4
Let o(u) = -u + 6. Let y(g) = -g + 8. Let l be y(-14). Suppose 7 = 3*p + l. What is the units digit of o(p)?
1
Let t = -18 + 47. What is the units digit of t?
9
What is the tens digit of (-2553)/(-46)*(-4)/(-6)?
3
Suppose -3*c - 10 - 2 = 0. Let t(s) = -s - 4. Let a be t(c). Suppose -2*b = -a*b - 12. What is the units digit of b?
6
Let u = 1 - -15. What is the units digit of u?
6
Suppose -5*v = -0*v - 2*n + 62, -3*v + 5*n = 41. Let p(m) = -15 + 10*m + m**2 + 0*m + 0. What is the units digit of p(v)?
9
Let k(w) = -w**3 - 7*w**2 - 5*w + 3. Let z be k(-6). What is the units digit of 14/2 + z - 2?
2
Suppose 2*b - 4 = 0, -3*y + 292 = y - 2*b. What is the units digit of y?
4
What is the tens digit of -8 + 10 - (-1 - (1 - -134))?
3
What is the units digit of (-5)/((-5)/7) - 3?
4
Let h(q) = 3*q**2 - q - 26. What is the units digit of h(6)?
6
Let v(j) = -8*j - j**2 + 5 - 6 - 3*j. What is the units digit of v(-10)?
9
Let p(m) = m**2 + 4*m - 5. Let s be p(-5). Suppose s*c - 64 = -2*c. What is the units digit of c?
2
Let d(u) = -8*u**3 + 1. What is the tens digit of d(-2)?
6
Suppose 4*x - 166 = 86. What is the units digit of x?
3
Suppose g = -w + 97, 4*w - 76 - 324 = 2*g. What is the tens digit of w?
9
Let d be (-8)/(-28) + 122/14. Suppose -7 = -2*z + d. What is the units digit of z?
8
What is the units digit of 30/(-12)*(12/10 + -2)?
2
Suppose 4*l = -4*j + 20, 2 = 2*j + l + 3*l. Suppose 4*p + 1 = j. Suppose 35 = p*s - 3. What is the units digit of s?
9
Suppose 0*p = p - 3. Let b = 1 - p. What is the units digit of 0 + (-1 - b) - -8?
9
Suppose 0 = h + 3*b - 10 - 9, 2*b = -2*h + 26. Suppose -h*c - 90 = -15*c. What is the tens digit of c?
1
Suppose -8 = 3*n - 5. What is the units digit of (-632)/(-16) + n/(-2)?
0
Suppose 3 + 6 = 3*d. What is the units digit of 1 - -1 - (-3)/d?
3
Let w(t) = 3*t**2 + 9*t + 8. What is the tens digit of w(-6)?
6
Suppose 3*h = 829 + 20. What is the tens digit of h?
8
Suppose 0 = -0*f + 2*f - 6. What is the units digit of f*-2*(-6)/4?
9
Suppose 33 = d - 127. Suppose s - d = -3*s. Suppose 3*v - v = s. What is the tens digit of v?
2
Let t(v) = -v**3 + 7*v**2 - 7*v + 7. Let i be t(6). Suppose -u + 3 + i = 0. Suppose 0 = -u*k + 9 + 51. What is the units digit of k?
